 + 2*n + 54 = 0. Suppose d = -4*i + 59. Let p = i - 3. What is the units digit of p?
9
Let b = 13 + -7. Let q = b - 10. Let p(w) = -w**3 - 5*w**2 - 5*w - 3. What is the units digit of p(q)?
1
Let t = -3 + 1. What is the units digit of 2*(t + (-42)/(-4))?
7
What is the units digit of 2/4 - 70/(-4)?
8
What is the units digit of (-287)/(-6) - (-8)/48?
8
Let o = 45 + -22. What is the tens digit of o?
2
Let g(j) = j**3 - 20*j**2 + 3*j - 5. What is the tens digit of g(20)?
5
Let z(y) = -47*y + 44. What is the units digit of z(-5)?
9
Let k(s) be the third derivative of s**6/120 + s**5/12 + s**4/8 + s**3/2 + 2*s**2. What is the tens digit of k(-3)?
1
Suppose -y - 4*y = s + 3, -12 = 4*s + y. What is the units digit of ((-8)/s)/((-2)/(-24))?
2
Suppose i - 3 = -a + 3, -5*i - 10 = -3*a. Suppose 41 + i = 3*r. What is the tens digit of r?
1
Let q = 204 + -48. What is the units digit of q?
6
Suppose -26 = 4*l + 10. Let v be (14/5)/(2/(-10)). Let a = l - v. What is the units digit of a?
5
Suppose -p = 2*p - 9. Suppose 30 = 5*h + 5*o, 0 = 4*h - 2*o - 3*o + p. Suppose l = 3*g - 10, h*g - 5*l + 5 = -g. What is the units digit of g?
5
Let y(n) = n**2 - 6*n - 2. Let z be y(6). What is the tens digit of 9 + -6*z/4?
1
Let u(g) = -2*g + 1. Let v be u(-4). Let a be v*2/3 + 1. Suppose -3*y = -a*y + 4. What is the units digit of y?
1
Let d be -3 - ((-4)/4 + -64). Suppose 2*j = -0*j + d. What is the tens digit of j?
3
Suppose 0 = -2*q - 8, -4*q + 37 = -h + 211. What is the hundreds digit of h?
1
Let d be (-16)/(-9) - 2/(-9). Let p(u) = d*u + 0*u - u**2 + 3 + 4*u. What is the units digit of p(5)?
8
Suppose -2*p - 2*p + 592 = 0. Suppose p = 5*o - 42. What is the units digit of o?
8
Suppose 2*u + 2*u = 5*x - 26, -2 = 3*x + 2*u. Suppose -x*b + 12 = 2*b. What is the units digit of b?
3
Let m(b) = 3*b + 2. Let a = -10 + 19. What is the tens digit of m(a)?
2
Let q = -334 - -584. What is the hundreds digit of q?
2
Let k(p) = p**3 - 9*p**2 - 37*p - 7. What is the units digit of k(13)?
8
Suppose 5*t = -3*f + 14, -3*t + 12 = 3*f - 0. Suppose 3 = 3*s - f. Suppose s*b + 0 - 4 = 0. What is the units digit of b?
2
Let s be ((-2)/(-5))/(2/(-30)). Let n(p) = p**2 + 4*p - 7. Let i be n(s). Suppose -i*k - 20 = 0, -3*k + k = 3*l - 10. What is the units digit of l?
6
What is the units digit of 16/3*(-69)/(-2)?
4
Suppose 5*c - 16 = c. What is the units digit of c?
4
Let a be 1/(-2) - 123/6. Let n be (-2)/(-7) - 204/a. Suppose u - n = -3*m, -u + 4 + 7 = 4*m. What is the units digit of u?
7
Suppose 0 = 3*n - 4*p - 9 - 17, 5*n - 4*p - 46 = 0. Suppose -n*v + 5*v + 140 = 0. What is the tens digit of v?
2
Suppose 0 = 2*f - 4. Suppose -f*i - i + 78 = 0. What is the units digit of i?
6
Let d = -10 - -23. What is the tens digit of d?
1
Suppose -4*b - m - 2*m + 105 = 0, 2*b = -m + 53. What is the tens digit of b?
2
Let x be 3/(-18) + 38/12. Let q be 0*x/6 - -6. What is the units digit of q + -4 + (2 - 0)?
4
Let p(r) = 3*r**2 - 3*r - 3. What is the units digit of p(3)?
5
Let l(n) = -3*n + 11. Let y(q) = q - 5. Let h(k) = -2*l(k) - 5*y(k). Let s be h(4). Suppose 35 = -s*b + 12*b. What is the units digit of b?
7
Let q be 768/(-54) - 4/(-18). What is the units digit of 4/3*(-63)/q?
6
Suppose -3*a + 174 = -2*z - 476, -206 = -a - 2*z. What is the tens digit of a?
1
Let i(u) = -u + u**3 - 2*u + 2 + 2*u**2 - 4*u**2. What is the units digit of i(4)?
2
Suppose -3*q - 9 = -4*q. What is the units digit of q?
9
Let x = 8 - 12. Let m = x - -7. Suppose 0 = 2*k - 15 + m. What is the units digit of k?
6
Suppose -4 = -3*v + v. Suppose p = v*p - 8. What is the units digit of p?
8
What is the units digit of -2*((-121)/2 - 4)?
9
Suppose -64 = -5*x - 4. What is the units digit of 3/x + (-309)/(-12)?
6
Let m(x) = -x**2 + 11*x + 11. Let p be m(12). Let w(y) = -y. What is the units digit of w(p)?
1
Suppose 3*d = 9, 6*d = -5*t + d + 45. Suppose 0 = -c + t*c - 10. Suppose -c*b - 4*j = -8, -j = 4*b - 3*j - 56. What is the units digit of b?
2
Let m(i) = 6*i**2 + 6 - 2 + 3*i + i**3 - 1 - 4*i. Let s be m(-6). Suppose c + s = 4*c. What is the units digit of c?
3
Let s(d) be the third derivative of 0*d - 2/3*d**3 - 1/8*d**4 + 0 + 3*d**2. What is the units digit of s(-4)?
8
Suppose -24 = k - 4*m, 2*k + 6 + 17 = 3*m. Let v(y) = -y**3 - 4*y**2 - 2*y - 2. Let j be v(k). Let u = 10 - j. What is the units digit of u?
4
Suppose -4*i + m + 978 + 576 = 0, -m + 386 = i. What is the units digit of i?
8
Let s(q) = -2*q - 10. Let r be s(-10). Suppose -l + r = 9. What is the units digit of l?
1
Let n = 322 + -92. What is the tens digit of n?
3
Suppose 0 = 3*k + t - 137, 2*k + 3*t = -k + 135. What is the units digit of k?
6
Let w be (-4 + (7 - 3))/(-2). Let q = w + 8. What is the units digit of q?
8
Let a(z) = z**3 - z**2 + 2*z - 1. Let r = 7 + -5. Let t be a(r). Let q = -4 + t. What is the units digit of q?
3
Let o(l) = -10*l - 15. What is the units digit of o(-5)?
5
Let a be (16/10 - 1)*5. What is the units digit of a*(-2)/(-6) + 7?
8
Suppose 80 + 3 = f. What is the units digit of f?
3
Let f(a) be the second derivative of a**3/6 + 3*a**2 + 2*a. Let w be f(0). Suppose 3*z - w*z = -39. What is the units digit of z?
3
Let i(a) = -a + 2. Let f be i(0). Suppose 4*u - 2*d - 2*d - 36 = 0, -u + f*d = -10. Let t(z) = z**3 - 9*z**2 + 9*z. What is the units digit of t(u)?
8
What is the tens digit of (6/(-4))/(5 + (-6365)/1270)?
2
Let q = 17 + -2. Suppose -49 = -4*k + q. What is the units digit of k?
6
Let h(l) = 15*l - 10. Let x(n) = 7*n - 5. Suppose -19 = 2*t - 7. Let v(u) = t*h(u) + 13*x(u). What is the units digit of v(7)?
2
Let a = 35 - -12. What is the tens digit of a?
4
Let i be (-6 + 5)*2*-1. Suppose 4*u = 10 + i. What is the units digit of u?
3
Let v(u) be the first derivative of u**4/4 + u**3/3 - u**2/2 + 13*u - 3. What is the tens digit of v(0)?
1
Let g = 39 + -25. Let m = g - 0. Let o = -8 + m. What is the units digit of o?
6
Let a = 4 + -2. Let b be (-10)/(1/(1 - a)). Suppose d - 16 = -2*n + 5*d, 5*d = -5*n + b. What is the units digit of n?
4
Let k(i) = 4*i**2 - 9*i + 1. Let b(l) = -3*l**2 + 8*l - 2. Let m(w) = 3*b(w) + 2*k(w). What is the units digit of m(4)?
4
Suppose -v - 28 = -7. Let j = v - -67. Suppose 4*x = 22 + j. What is the units digit of x?
7
Let p(m) = -m**3 + 11*m**2 - 9*m - 5. What is the units digit of p(10)?
5
Suppose 470 = 5*u - 295. What is the units digit of u?
3
Let m = -13 + 18. Suppose -2*v - m*w - 12 = v, -4*w - 12 = 3*v. What is the units digit of v/(-2) - (4 + -3)?
1
Let w = 5 + -12. What is the tens digit of (-2)/w - 117/(-7)?
1
Let w(u) = -2*u - 3. Suppose -5*h - 10 = -0. Let v be w(h). Let r = 7 - v. What is the units digit of r?
6
Let y(p) = -p**3 - 3*p**2 - 5*p - 4. What is the tens digit of y(-4)?
3
Let x(f) = -f + 2 + 3 + 0 + f**3. Let i = -5 + 5. What is the units digit of x(i)?
5
Let w = 10 + 5. What is the units digit of w?
5
Let o(f) = 57*f - 48. What is the units digit of o(4)?
0
Let q = -2 - -3. Let i be (q + 0)*(-15)/(-3). Suppose i*l = -0*l + 5. What is the units digit of l?
1
Let d(n) be the third derivative of n**6/120 + n**5/20 - n**4/12 - 9*n**2. Suppose 0 = -4*p - 3 - 9. What is the units digit of d(p)?
6
Suppose 5*c - 4 + 24 = 0, 4*o + 3*c = 148. What is the units digit of o?
0
Suppose -7*b + 9 = -33. Let z(w) = -w**3 + 6*w**2 + 5*w - 6. What is the tens digit of z(b)?
2
Suppose 4 = -3*r + 13. Suppose 0 = v - r*v. Suppose -b + 6 - 23 = -2*m, v = 3*m - b - 27. What is the units digit of m?
0
Suppose -4*x + 3*k = -294, -5*k + 6 = -4. What is the units digit of x?
5
Let c be ((-8)/(-12))/(8/252). Suppose 0 = -r - r. What is the tens digit of (0 + r)/2 + c?
2
Suppose 5*a = -4*w + 26, -3*a - 5*w + 3*w + 14 = 0. Suppose 3*q + a*q = 250. Suppose -5 + q = 5*d. What is the units digit of d?
9
Suppose 5*z = -5*n, -z + 5 = 4*n + 2. What is the units digit of n?
1
Suppose 6 = 3*s, 0 = -2*d - 6*s + s + 132. What is the units digit of d?
1
What is the tens digit of (-10)/(-2) + 168 + -5?
6
Suppose -6*x + 13*x - 959 = 0. What is the hundreds digit of x?
1
Let w(h) = -2*h + 2. Let s = -2 + 0. What is the units digit of w(s)?
6
Let v = 8 - 20. Let n be (3/2)/((-2)/4). What is the units digit of (-2)/(((-9)/v)/n)?
8
Suppose -3*s + 2 + 10 = 0. Let q be 4/18 + 25/9. Suppose 2*r - 13 = q*y, -r + s = -y - 3. What is 